 47. Determine s(-2).
16
Let z(f) = -f**3 - 7*f**2 - 6*f + 6. Suppose 0 = -4*d + m + 11 + 16, -5*d + m + 33 = 0. Let k be 23/((-115)/d)*(3 - -2). Calculate z(k).
6
Let i(f) = -4*f**2 - 4*f - 3. Let l be i(-1). Let v(k) = -43*k + 6. Let h(o) = -37*o + 5. Let g(m) = 7*h(m) - 6*v(m). Give g(l).
2
Let b(h) = 16*h**3 - 17*h**3 + 25 + 0*h + 11*h**2 + 11*h + 2*h**2 - 22*h**2. Calculate b(-10).
15
Suppose 246 - 87 = -82*x - 251. Let h(o) = 24*o + 130. Determine h(x).
10
Let k(q) = q**3 - 5*q**2 - 19*q + 8. Let f(g) = 5*g**3 - 25*g**2 - 99*g + 42. Let t(j) = 6*f(j) - 31*k(j). Suppose 0*u + 4*u - 12 = 0. What is t(u)?
7
Let w = -8 + 3. Let u = 62 + -84. Let y(k) = k + 10. Let s(b) = 5*b + 54. Let h(x) = u*y(x) + 4*s(x). Give h(w).
6
Let l(s) = s**2 + 2*s + 11. Suppose -66 = -h + 3*a - 81, 15 = 3*a. Calculate l(h).
11
Let l(z) = z**3 + 10*z**2 + 9. Let j = -316 - -338. Suppose -2*m + 2*p + 0*p - 28 = 0, m + j = 3*p. Determine l(m).
9
Let i(m) be the third derivative of m**5/10 - 3*m**4/8 + m**3 + 5*m**2 - 4*m. Determine i(1).
3
Let m(i) = -4*i**2 - 23*i - 4. Let j(h) = h**2 + 36*h + 122. Let k be j(-4). Determine m(k).
-10
Let a(z) = z**2 + 481*z + 7008. Let p be a(-15). Let u(n) = 4*n + 34. Give u(p).
106
Suppose 2*t + 1158 = z + 1139, -3*z - 6 = 3*t. Let a(p) be the first derivative of -p**4/4 - 7*p**3/3 + p**2/2 + 3*p + 1. Determine a(t).
-4
Let q be 3/(-6) + 451/22. Suppose -5*v - q = 0, 0 = 2*p - p + 4*v + 9. Let s(g) = -g**2 + 6*g - 1. Determine s(p).
-8
Let r(l) = -8*l + 671 - 1160 + 437. What is r(-7)?
4
Let u = 125 + -453. Let h = 322 + u. Let x(d) = -d**2 + 5. What is x(h)?
-31
Let r(f) = -f**3 + 9*f**2 + 15*f + 18. Suppose -73*n + 12*n = 93*n - 1694. Calculate r(n).
-59
Let h be 20/3 - 4/6. Let s be 3/2*(-4 - (-80)/12). Let v(g) = -2*g**3 + 1 + 50*g - 44*g + s + 5*g**2 + g**3 - 2. Calculate v(h).
3
Let r(w) = 2 - w - 3 - 5*w**2 + 0*w**2 + 6*w**2. Suppose -5*x = 4*o + 40, -2*x - 44 = -4*o - 0*o. Let v be (-13)/5 + 2 + x/(-20). Calculate r(v).
-1
Let p(s) = s**3 - 7*s**2 + 2*s + 6. Let b be 210/(-12) + (-5 - 15/(-2)). Let k be (-2 - -2 - 3)*25/b. What is p(k)?
-34
Let g(t) = t**2 - 5*t + 3. Let m be 17748/(-290) + (-4)/5. Let p = -59 - m. Determine g(p).
-3
Let i(x) be the second derivative of 3*x + 1/6*x**3 - 5/2*x**2 + 0. Let w be 1/((14/(-8))/7). Calculate i(w).
-9
Let t(m) = -m + 20. Suppose 0 = 6*h - 54 - 42. Let d be t(h). Suppose 0 = -2*c - d - 0. Let w(r) = -r**2 - r + 1. Determine w(c).
-1
Let n(c) = 7567*c**3 + 8*c - 9*c**2 - 15133*c**3 + 20 + 7565*c**3. What is n(-9)?
-52
Let t(z) = 7*z + 4. Suppose 0 = -5*p + 6*p - 6. Let v(x) = 8*x + 5. Let b(h) = p*v(h) - 7*t(h). Let a = 2166 - 2169. Determine b(a).
5
Let o(q) = -2*q**2 + 10*q + 56. Let x be (((-44)/(-3))/(-4))/(29/1479*-17). Determine o(x).
-76
Suppose -3*v + 5*m = 70, 4*v - 16 = -147*m + 140*m. Let i(h) be the first derivative of -h**3/3 - 9*h**2/2 + 4*h - 1. Give i(v).
-6
Let x(t) be the second derivative of -t**4/6 + 17*t**3/2 - 15*t**2/2 - 2117*t. Determine x(25).
10
Let u = -201 + 203. Let p(k) = -5 + 2 - 2 + u - 2*k. Determine p(3).
-9
Let b(u) be the first derivative of u**4/4 - 11*u**3/3 + 7*u**2/2 + 11*u + 2459. Determine b(9).
-88
Let g(i) = 1 + 3*i**2 - 12 + 12*i - 18*i + i**3. Let c be g(-4). Let m(k) = -k**2 - 3*k + 4. Calculate m(c).
4
Let v = -237 + 217. Let i be -14*(v/8 + 2). Let j(a) = -2*a + 8. Give j(i).
-6
Suppose 0 = -0*o + 4*o - 24. Let h = 132 + -135. Let u(d) = 8. Let v(i) = i + 9. Let g(r) = h*u(r) + 2*v(r). What is g(o)?
6
Let q(l) = 6 - 5*l + l**3 + 5*l**2 - 2*l**3 + 0. Let y be 3 - (-48)/((-48)/6) - -7. What is q(y)?
2
Let s(x) = -x**2 - 4*x + 7. Let r be s(-4). Let f = -92 + 94. Let j(w) = -10*w**3 + 1 - 7*w**f + 11*w**3 - 4 + 8. Determine j(r).
5
Let i(f) = -10*f**3 + 12*f**2 - 4*f + 12. Let q(g) = -17*g**3 + 22*g**2 - 8*g + 23. Let m(s) = 5*i(s) - 3*q(s). Determine m(4).
-25
Suppose 2*x - 22 = -4*j, -3*x - 15 = -4*j - 48. Let d(h) = -5*h - 16. Let f = -88 + 90. Let k(r) = r + 3. Let b(n) = f*d(n) + x*k(n). Give b(7).
8
Let b = -23 - -17. Let w(v) = 6*v - 4. Let m(c) = -3*c + 2. Let y(h) = b*w(h) - 11*m(h). Calculate y(1).
-1
Let y(k) = 28*k - 1. Let q = -160 + 165. Let d(w) = 68*w - 2. Let i(g) = q*d(g) - 12*y(g). Give i(-8).
-30
Let l(k) be the third derivative of k**5/15 + k**4/24 - 2*k**3/3 + 7901*k**2. Give l(-4).
56
Let v(c) = 6 + 3 + 0*c**2 - 9*c - 2 + c**2. Let n = 62 + -56. What is v(n)?
-11
Let v be 11*(0 - 1) - (35 - 42). Let a(c) = 7*c + 9. What is a(v)?
-19
Let m(x) = 5*x**2 + 5*x + 4. Let v = 8443 + -8447. Determine m(v).
64
Let l(t) = -170*t - 44. Let d(f) = -312*f - 86. Let o(h) = 6*d(h) - 11*l(h). What is o(-16)?
0
Let n(z) = -10*z + 2*z**2 + 3*z**2 - 6*z**2. Let d be 192/33 - 4/(-22). Suppose d*t + 4*t = -100. Determine n(t).
0
Let w(d) = -d**3 + 9*d**2 + 6*d + 8. Let x be (-48)/(-84) - (-264)/28. Determine w(x).
-32
Let s(u) = -u**2 + u - 6. Let q be 95/15 + (-172)/129. Determine s(q).
-26
Let r(f) = -3*f**2 + 25*f - 8. Let k(w) = 4*w**2 - 36*w + 11. Let p(j) = 5*k(j) + 7*r(j). Let q be 8/(-68) - 32/17. Determine p(q).
5
Let o(p) = -p**2 - 3*p - 3. Suppose -531*r - 4 = -529*r. What is o(r)?
-1
Let r(y) = y**3 + y**2 - 6*y + 6. Let k(q) = -3*q**3 - 3*q**2 + 16*q - 17. Let i(l) = -4*k(l) - 11*r(l). Give i(-2).
-6
Let k(f) = f**3 + 3*f**2 + f + 2. Suppose -40 = -4*r - 2*o, -5*o + 60 = 4*r + 14. Let c be (1 - 6/r)*6. Let j be (4 + 22/(-4))*c. What is k(j)?
-1
Let m be (-135)/25 + 3 - 2/(-5). Let d be 6/(-4)*(-2 - (-24)/m). Suppose 4*z = -2*u + 6, -z - 3*z + d = 5*u. Let o(b) = 5*b**2 - 2*b - 1. Determine o(z).
6
Let f(g) = -g**3 + 7*g**2 - 6*g. Suppose -55*m = 30*m - 680. Determine f(m).
-112
Let l be (-14 + 0)*(-17)/(-34). Let z(k) = 4*k + 27. Calculate z(l).
-1
Let j be -11 - (-28)/4 - -22. Suppose -4*c + a = j, c + 10 + 1 = -3*a. Let k(x) = -x**2 - 3*x + 2. Give k(c).
-8
Let b(q) be the first derivative of 2*q**3/3 + 3*q**2/2 - q + 2863. Suppose 3*z - 9 = -0. Calculate b(z).
26
Suppose 20*c - 14*c = 48. Let g(u) = 9*u - 18. Let k(v) = -11*v + 19. Let y(x) = -5*g(x) - 4*k(x). Determine y(c).
6
Let z(y) = 6*y + 38. Let c be z(-6). Let x(k) = 9*k - 2 + 6 - 8*k - c*k**2. Let g = -7 + 10. Calculate x(g).
-11
Let q(s) = 3*s - 2*s**2 + 0 - 1 - 2. Suppose 4*f = -p - 10 + 14, f + 5*p = -18. What is q(f)?
-5
Let a(u) = u**3 - 8*u**2 - 9*u + 3. Let z(l) = -6*l + 225. Suppose 3*f - 177 = -5*j, 2*j - 5*f = 63 + 14. Let d be z(j). Determine a(d).
3
Suppose 0 = -18*t - 23*t. Let o(l) = 5*l**2 - 2*l - 8. Let y be o(t). Let q(m) = -m**2 - 9*m - 8. Calculate q(y).
0
Suppose 183*p = 146*p - 259. Let z(s) = -s**3 - 8*s**2 - 7*s + 14. What is z(p)?
14
Let a = 27 + -25. Let d be (32 + -33)*(a - -3). Let n(g) = -2*g - 2. Give n(d).
8
Suppose 3*m - 134 = -131. Let l be (m/2)/(4/40). Let h(k) be the second derivative of k**4/12 - k**3/2 - 2*k**2 - 7*k. What is h(l)?
6
Suppose -2 = s - 6. Suppose -s*z - 2*c - 18 = -0*c, -4*c = -4*z. Let x(i) = -13*i**3 - 5 - i**2 + 6*i**3 + 6 + 4*i**3 + 2*i + 2*i**3. Calculate x(z).
13
Let o(f) be the third derivative of 11*f**4/24 - 7*f**3/6 - 967*f**2. Calculate o(2).
15
Let y(r) = 20*r - 7*r - 7*r + r + 54. Determine y(-8).
-2
Let t be 20/24 - 12570/(-36). Let r(p) = 349*p - 701*p + 3 + t*p. Give r(-5).
13
Let v be (63/(-12))/(287/(-164)). Let f(c) be the second derivative of 4*c + 1/20*c**5 + 0*c**4 + 0 + 0*c**2 - 1/3*c**v. What is f(2)?
4
Let r(q) = -q**2 - q + 2. Suppose 4*a + 370 = 14*a. Suppose -2 - a = -13*h. Suppose 3*k + 3*p - 7 = 5*k, -k - 5*p + h = 0. Determine r(k).
0
Let i(l) = -1270*l - 41909. Let x be i(-33). Let z(q) be the third derivative of 7*q**5/60 - q**4/12 + q**3/6 + 2*q**2. Calculate z(x).
6
Let i(v) = 26*v - 7. Let h(d) = 34*d - 8. Let w(m) = -3*h(m) + 4*i(m). Calculate w(10).
16
Let y(h) = 6*h + 198. Let q be y(-32). Let z(n) = -13*n**2 - 11*n + 5. Let b(r) = -2*r**2 - 3*r + 1. Let s(k) = q*b(k) - z(k). What is s(4)?
-11
Let p(n) = -32*n + 12*n + 13*n - 1 + 39 + 12*n. What is p(-21)?
-67
Let j(z) = -47*z**2 + 3*z + 1. Let l be 6/(-2) - (-38 + 15 - -21). What is j(l)?
-49
Let w(h) = -h - 6 - 3 - 3 + 13. Suppose -4*g - 2*b + 29 = 3*b, 5*g + b = 31. Calculate w(g).
-5
Let w(n) = n**3 - n**2 - n. Let b(r) = -4*r**3 + 1. Let p(k) = b(k) + 3*w(k). Let o = -492 + 457. Let a be ((-45)/21)/5 + 90/o. G